ative of 1/24*a**4 + 0*a + 5*a**2 - 1/6*a**3 + 0. What is x(-2)?
-3
Let d(x) = -2*x + 27. Let w(q) = -q + 21. Let p be w(8). Determine d(p).
1
Let d be 140/42 - (-5)/3. Let s(l) = -3*l - 10. Let u(j) = -4*j - 11. Let x(h) = -6*s(h) + 5*u(h). Calculate x(d).
-5
Let z(x) = -x**3 - 6*x**2 + 7*x - 6. Let l be (2 + -1)/((-1)/(-3)). Suppose -5 = i + l*d, 0 = 3*i + i + 2*d - 10. Let a = -11 + i. What is z(a)?
-6
Let i(n) be the third derivative of n**6/120 - 7*n**5/60 + n**4/6 - n**3 - n**2. Let w be 8 + -2 - (24/(-6) + 3). What is i(w)?
22
Let q(c) = 11*c**2 + 11*c + 13. Let z(y) = -5*y**2 - 5*y - 6. Let b(g) = 4*q(g) + 9*z(g). Suppose 0 = 20*x - 34 + 74. Calculate b(x).
-4
Suppose -56 = 6*f - 11*f + 3*g, -2*f + 2*g + 24 = 0. Let w(l) = -6*l + 11. Determine w(f).
-49
Suppose -2*u - 8 = 10. Let l(b) = -3*b - 20. Let a(i) = -7*i - 48. Let d(p) = 2*a(p) - 5*l(p). Determine d(u).
-5
Let u(l) be the third derivative of l**6/120 - 7*l**5/60 - l**4/24 + 5*l**3/2 + 2*l**2 + 351. Give u(7).
8
Let a(l) = -10*l**2 + l - 1. Let b be 5 + (0/2)/(-5). Let s(t) = 20*t**2 - t + 2. Let f(y) = b*a(y) + 3*s(y). Give f(-1).
9
Let x = -21 - -13. Let u(v) = 36 + 38 + 8*v**2 - 79 - 9*v**2 - 7*v. Determine u(x).
-13
Let m(g) = -g - 1. Suppose -39*v - 30 = 9. Determine m(v).
0
Let c = -1054 + 1059. Let n(l) = -6*l - 1. What is n(c)?
-31
Let c(z) = -13*z**2 + 11*z + 7. Let a(p) = 15*p**2 - 11*p - 10. Let r(b) = -6*a(b) - 7*c(b). Give r(9).
-7
Let t(x) = -59*x - 56*x - 12 + 165*x - 52*x. Give t(-8).
4
Let n(y) be the third derivative of -y**6/360 - y**5/24 - y**4/8 + 2*y**3/3 + 6*y**2. Let w(z) be the first derivative of n(z). Calculate w(-3).
3
Let r(t) be the first derivative of t**2/2 + 8*t - 19. Give r(-5).
3
Let p(o) = -4*o + 7. Let d(k) = 16*k - 22. Let r(i) = 2*d(i) + 7*p(i). What is r(5)?
25
Let d(y) = -y**3 + y**2 - 1. Suppose -8 = -k + 5*u, 5*k - 2*u = 4*k + 2. Calculate d(k).
11
Let k = 200 - 205. Let y(z) = z**2 + 6*z + 7. Give y(k).
2
Let q = -6 + 8. Let c(l) = 2*l - 2. Let f be c(q). Let u(h) = 4 - 10 - 4*h - 2*h - h - h**f. Give u(-5).
4
Let o(t) = -3*t - 2. Let m be (-5 + 1)*(-2)/(-4). Let r(x) = x + 1. Let d(h) = m*r(h) - o(h). Let w = -10226 + 10227. Calculate d(w).
1
Suppose -19 = -5*z + 1. Let p be (-3)/(-2)*z/3. Let w(f) = -7 - 5*f**2 - 5*f - f**p + 2*f**2 + 11*f - f**3. Calculate w(-5).
-12
Let w(p) = p**3 - 6*p**2 - 5*p + 4. Suppose -15400*z = -15402*z + 12. Determine w(z).
-26
Suppose -y + 50 = 6*t - t, -4*t + 4*y = -40. Let b = t + -7. Suppose 5*o - 4*h + b = 1, 10 = -o + 4*h. Let s(u) = -2*u**3 + 4*u**2 - 4*u + 3. What is s(o)?
-5
Let v be (33/7 - 2) + 66/231. Let z(m) = -13*m - 2. Determine z(v).
-41
Let g(u) = -4*u + 4. Let y be g(3). Let d be -2*28/y*-3. Let a = -19 - d. Let t(c) = 2*c**3 - 2*c + 2. Give t(a).
14
Let a be 24/(-420) - 721/245. Let n(d) = d**2 + 3*d + 6. Determine n(a).
6
Let l(y) be the second derivative of 0 + 1/3*y**3 - 6*y + 5/12*y**4 - 2*y**2 - 1/20*y**5. Let w = 12 + -7. What is l(w)?
6
Let d(q) = -53*q**3 - 14*q**2 + q + 4. Let z(l) = 53*l**3 + 11*l**2 - l - 3. Let m(p) = -3*d(p) - 4*z(p). What is m(1)?
-54
Let s(z) be the first derivative of 0*z**3 + 1/4*z**4 - 10 + 0*z - 2*z**2. Suppose -1 = -u + 2. Determine s(u).
15
Let l = 54 + -55. Let t(q) = -7*q**3 - 2*q**2. Let m be t(l). Let b(a) = -3*a - 5. Let x(v) = 2*v + 4. Let k(c) = 4*b(c) + 5*x(c). Calculate k(m).
-10
Let j(z) = -z**3 + 5*z**2 + 3*z - 4. Let q be 4/(-10) - (-210)/25. Let l be 1/(-2)*-4 - q. Let n(k) = -k**3 - 5*k**2 + 6*k + 5. Let w be n(l). What is j(w)?
11
Let r(t) = t**3 + 6*t**2 - 3. Let j(g) = -2*g**3 - 23*g**2 - 8*g + 27. Let a be 3/9 + (-136)/12. Let z be j(a). Give r(z).
-3
Let z(j) = 29*j - 76*j + 7*j**2 - 10 - 6*j**2 + 30*j + 29*j. Give z(-14).
18
Suppose -2*x = -20 + 6. Let q(d) = -9 + 4 + d + 1 - 1. Calculate q(x).
2
Let m(f) be the second derivative of -9*f**3/2 + f + 5. Determine m(1).
-27
Let h(n) = n**2 - 4*n - 3. Let o = 16 + -27. Let u(m) = m + 9. Let k be u(o). Let r be ((-6)/(-15))/(k/(-20)). Give h(r).
-3
Let m(f) = -288*f - 3 - f**3 + 291*f + 10*f**2 - 10*f**2. Calculate m(3).
-21
Suppose -105*c + c - 416 = 0. Let o(j) = -j**3 - 6*j**2 + 4. Give o(c).
-28
Let q(g) = g**3 - g**2 + 3 + g - 4 - 3*g**2. Let d(p) = p**2 - 6*p + 17. Let t be d(7). Let a = t - 22. What is q(a)?
-7
Let w be 1/(3/(16 + -1)). Suppose -3*u = -w*u + 26. Let j(d) = 7 + d + 8 - u. Calculate j(0).
2
Suppose 0 = -33*j + 10*j + 138. Let m(i) = i**3 - 5*i**2 - 11*i + 14. Calculate m(j).
-16
Let n = 19 - 7. Suppose -n = 2*j + 4*y, j - 5*y - 15 = 3*j. Let z(o) = o + 3. What is z(j)?
3
Let g(n) = -n**3 - 5*n**2 - 8*n - 14. Let a(l) = -6*l**3 - 25*l**2 - 42*l - 71. Let d(f) = 2*a(f) - 11*g(f). Determine d(6).
0
Let v(i) = -8*i + 10. Let f(p) = -4*p + 4. Let y(w) = -5*f(w) + 3*v(w). What is y(10)?
-30
Let m be 1 + (0/1 - 0). Let f(g) = -4 + g + 5 + m. Let u be 28/266 + (-59)/19. Give f(u).
-1
Let f(q) = 17*q + 2. Let c be f(1). Suppose -6*g + g = -5*l - 25, 3*l - 4*g + c = 0. Let s(x) = -13*x - 1. Calculate s(l).
12
Let s(a) be the third derivative of -a**6/120 - a**4/24 + a**3/6 - 4*a**2 + 7*a. Let w be 4/3 + 2/(-6). Determine s(w).
-1
Let q(n) = n**2 + 6*n - 4. Let d be (4*1)/(-10 - (-112)/12). Calculate q(d).
-4
Let r(m) be the second derivative of m**3/3 - m**2/2 + 9*m - 10. Give r(5).
9
Let c(p) = -1. Let d(o) = -o - 2. Let k(r) = 4*c(r) + d(r). Calculate k(-3).
-3
Suppose -4*m - 20*t + 8 = -24*t, -m + 2 = 2*t. Let i(p) = p**3 + 3*p**2 - 3*p. Calculate i(m).
14
Let h(z) = -4 - 114*z - 112*z + 13 + z**2 + 214*z. Calculate h(10).
-11
Let f(l) = -3*l**3 + 2*l**2 + l - 1. Let z be f(-1). Let c(i) = z + 85*i - 27*i - 32*i - 27*i. Determine c(-8).
11
Let z(h) = h. Let m be z(3). Let x(i) = 5*i**2 + 10*i - 1. Let g(d) = 4*d**2 + 9*d - 1. Let n(q) = -6*g(q) + 5*x(q). What is n(m)?
-2
Let f(m) = 2*m**3 + 16*m**2 + m + 9. Let r(t) = -t**3 - 9*t**2 - 5. Let a(u) = -3*f(u) - 5*r(u). What is a(-3)?
7
Let w(m) = m**3 - 7*m**2 + 6*m - 5. Let k = -9 - -13. Determine w(k).
-29
Let h(i) = 3*i**2 - 18*i + 14. Let m(n) = -n**2 + 6*n - 5. Suppose -o + 17 = -5*l, -l - 42 = 4*o + l. Let t(q) = o*m(q) - 3*h(q). Give t(4).
6
Let z(t) = t**2 + t. Let f be (-186)/155*(-2)/(-4)*-5. What is z(f)?
12
Let b(r) = -2*r**2 - 15*r - 4. Suppose -2*k + 5 = -5*w, -10*w + 7*w = k + 25. Give b(k).
-54
Let y(w) = -w - 6. Let b = -714 - -709. Determine y(b).
-1
Let a = -1 - 0. Let k(u) be the second derivative of -u**7/840 - u**6/720 - u**4/12 + 18*u. Let o(s) be the third derivative of k(s). Calculate o(a).
-2
Let n(y) = -7 - 6*y + 4*y + 9. Let l(r) = -2*r - 9. Let i be l(-5). Let s = i - -2. What is n(s)?
-4
Let z = -899 - -894. Let l(g) = 2*g**2 + 13*g + 8. Give l(z).
-7
Let j(r) = -r**2 + 7*r + 4. Let i(m) = m**2 + 12*m - 12. Let d be i(-15). Let s = d - 26. Calculate j(s).
4
Let w(j) = -6*j + 11*j**2 + 36*j**3 - 3*j + 4*j - 37*j**3 - 14 - 4*j. Give w(10).
-4
Let x(i) = 54*i - 21*i - 3 - 16*i - 23*i. Give x(-2).
9
Let b(i) = i - 8. Let h be b(13). Let s(y) be the third derivative of 0*y + 5/3*y**3 + 0 + 1/24*y**4 - h*y**2. Calculate s(-7).
3
Let a(i) = i + 14. Let y be 760/19 + -1 + 6. Suppose 0 = -5*m + 10 - y. Give a(m).
7
Let w(a) = 28*a - 80*a + 2 + 49*a - 4*a**2 + a**3. Calculate w(4).
-10
Let i(f) = -7*f**2 + f - 1. Suppose -5*q + 5 = 5*c, 0 = -0*c + 3*c - 3*q - 21. Let s be 3 - (-3)/((-6)/c). Give i(s).
-7
Let y(n) = 3*n - 10. Let t(o) = o**2 - 9*o - 17. Let l be t(11). Calculate y(l).
5
Let q(b) = b**3 + 4*b**2 - 7*b - 4. Let x(o) = -o**2 - 1. Let s be x(2). Let g = 20 + s. Suppose -2*h = -5*h - g. What is q(h)?
6
Let r = -2 - -4. Let k(n) = r*n + 2 - 5 + n. Let w(u) = -u**3 - 6*u**2 + 25*u - 13. Let p be w(-9). Determine k(p).
12
Let n(d) = -2*d. Let r(h) = 8 - 5 - 2*h - 4. Let a(k) = 5*n(k) - 6*r(k). Give a(-5).
-4
Let w(x) = 3*x**2 - 1 - 3*x**2 + 2*x + x**2. Let z(t) = 140*t + 422. Let u be z(-3). Give w(u).
7
Let y(z) = 4*z**3 - 7*z**2 - 2*z + 2. Let m(t) = -3*t**3 + 6*t**2 + t - 1. Let h(l) = 5*m(l) + 4*y(l). What is h(-3)?
3
Suppose -4*t + 11*t = 105. Suppose 9*p = -48 - t. Let u(w) = 2*w + 3. What is u(p)?
-11
Let p = -47 + 28. Let d = p - -31. Let w(c) = c**2 + d*c - 12*c + 1. Give w(-2).
5
Let a(k) = k**3 + 9*k**2 - k + 10. Suppose -3*z + 3 = -2*y, 2*y + 3*z = -30 - 3. What is a(y)?
19
Le